{"id":32,"date":"2013-11-04T11:51:14","date_gmt":"2013-11-04T10:51:14","guid":{"rendered":"http:\/\/goobanc.hu\/?page_id=32"},"modified":"2016-06-13T13:42:52","modified_gmt":"2016-06-13T12:42:52","slug":"szolgaltatasok","status":"publish","type":"page","link":"http:\/\/goobanc.hu\/?page_id=32","title":{"rendered":"Szolg\u00e1ltat\u00e1sok"},"content":{"rendered":"<p>A GOOBANC Bet\u00e9ti T\u00e1rsas\u00e1g rendezv\u00e9nytechnikai szolg\u00e1ltat\u00e1s ter\u00fclet\u00e9n bel\u00fcl v\u00e9gzi tev\u00e9kenys\u00e9g\u00e9t.<\/p>\n<p>Felk\u00e9sz\u00fclt, komplexen gondolkozni k\u00e9pes csapattal, magas min\u0151s\u00e9g\u0171 technik\u00e1kkal\u00a0\u00a0\u00e1llunk rendelkez\u00e9s\u00e9re audiovizu\u00e1lis \u00e9s logisztikai\u00a0tev\u00e9kenys\u00e9gek elv\u00e9gz\u00e9s\u00e9re.<\/p>\n<p><strong>Amennyiben sz\u00fcks\u00e9ge van:<\/strong><\/p>\n<ul>\n<li>hangtechnikai kivitelez\u00e9sre sportversenyen, TV felv\u00e9telen, koncerten, b\u00e1lon, sajt\u00f3t\u00e1j\u00e9koztat\u00f3n, k\u00f6z\u00f6ss\u00e9gi esem\u00e9nyen<\/li>\n<li>vezet\u00e9k n\u00e9lk\u00fcli mikrofonrendszerek \u00fczemeltet\u00e9s\u00e9re<\/li>\n<li>komplett rendezv\u00e9ny bonyol\u00edt\u00e1s\u00e1hoz technikai kivitelez\u00e9sre<\/li>\n<li>ki\u00e1ll\u00edt\u00e1s\u00e1nak, el\u0151ad\u00e1s\u00e1nak logisztikai- illetve szervez\u0151i feladatainak ell\u00e1t\u00e1s\u00e1ra<\/li>\n<\/ul>\n<p><strong>V\u00e1lasszon b\u00e1tran minket a v\u00e9grehajt\u00e1shoz!<\/strong><\/p>\n","protected":false},"excerpt":{"rendered":"<p>A GOOBANC Bet\u00e9ti T\u00e1rsas\u00e1g rendezv\u00e9nytechnikai szolg\u00e1ltat\u00e1s ter\u00fclet\u00e9n bel\u00fcl v\u00e9gzi tev\u00e9kenys\u00e9g\u00e9t. Felk\u00e9sz\u00fclt, komplexen gondolkozni k\u00e9pes csapattal, magas min\u0151s\u00e9g\u0171 technik\u00e1kkal\u00a0\u00a0\u00e1llunk rendelkez\u00e9s\u00e9re audiovizu\u00e1lis \u00e9s logisztikai\u00a0tev\u00e9kenys\u00e9gek elv\u00e9gz\u00e9s\u00e9re. Amennyiben sz\u00fcks\u00e9ge van: hangtechnikai kivitelez\u00e9sre sportversenyen, TV felv\u00e9telen, koncerten, b\u00e1lon, sajt\u00f3t\u00e1j\u00e9koztat\u00f3n, k\u00f6z\u00f6ss\u00e9gi esem\u00e9nyen vezet\u00e9k n\u00e9lk\u00fcli mikrofonrendszerek \u00fczemeltet\u00e9s\u00e9re komplett rendezv\u00e9ny bonyol\u00edt\u00e1s\u00e1hoz technikai kivitelez\u00e9sre ki\u00e1ll\u00edt\u00e1s\u00e1nak, el\u0151ad\u00e1s\u00e1nak logisztikai- illetve szervez\u0151i\u2026 <a class=\"continue-reading-link\" href=\"http:\/\/goobanc.hu\/?page_id=32\">Continue reading<\/a><\/p>\n","protected":false},"author":2,"featured_media":0,"parent":0,"menu_order":0,"comment_status":"closed","ping_status":"closed","template":"templates\/template-twocolumns-left.php","meta":{"footnotes":""},"class_list":["post-32","page","type-page","status-publish","hentry"],"_links":{"self":[{"href":"http:\/\/goobanc.hu\/index.php?rest_route=\/wp\/v2\/pages\/32","targetHints":{"allow":["GET"]}}],"collection":[{"href":"http:\/\/goobanc.hu\/index.php?rest_route=\/wp\/v2\/pages"}],"about":[{"href":"http:\/\/goobanc.hu\/index.php?rest_route=\/wp\/v2\/types\/page"}],"author":[{"embeddable":true,"href":"http:\/\/goobanc.hu\/index.php?rest_route=\/wp\/v2\/users\/2"}],"replies":[{"embeddable":true,"href":"http:\/\/goobanc.hu\/index.php?rest_route=%2Fwp%2Fv2%2Fcomments&post=32"}],"version-history":[{"count":16,"href":"http:\/\/goobanc.hu\/index.php?rest_route=\/wp\/v2\/pages\/32\/revisions"}],"predecessor-version":[{"id":157,"href":"http:\/\/goobanc.hu\/index.php?rest_route=\/wp\/v2\/pages\/32\/revisions\/157"}],"wp:attachment":[{"href":"http:\/\/goobanc.hu\/index.php?rest_route=%2Fwp%2Fv2%2Fmedia&parent=32"}],"curies":[{"name":"wp","href":"https:\/\/api.w.org\/{rel}","templated":true}]}}